 = l - x. What is the highest common divisor of v and 7?
7
Suppose 2*t = -5*l + 553, 2*l - 131 = -2*t + 407. Calculate the greatest common divisor of 36 and t.
12
Suppose -142 = -7*d - 30. Let a be 60/d - (-4)/16. What is the greatest common divisor of a and 44?
4
Let p be 23496316/(-1145)*15/(-6). What is the highest common divisor of 226 and p?
226
Let q be 822/(-1)*(-2)/6*(-522)/(-116). Calculate the highest common factor of 45 and q.
9
Let r be ((-24)/(-14))/(54/(-189)). Let w be 2 - 2*1/r*0. Calculate the greatest common divisor of 46 and w.
2
Suppose -6069 = 8*x - 11*x - 3*w, 0 = -4*w - 8. What is the highest common factor of 1275 and x?
75
Let b(s) = -11*s + 195. Let y be b(14). Suppose -100 = 31*t - y*t. Let r be (-32)/(-6) + 2/3. Calculate the highest common divisor of r and t.
2
Let a(i) = -135*i - 185*i - 6*i**2 - 190*i - 15 + 441*i. Let f be a(-11). What is the highest common factor of 171 and f?
9
Suppose -16*x - 908 = -20*x - 2*u, 0 = -3*u + 12. Calculate the highest common factor of x and 171.
9
Let f be 188/4 + 2 + -4 + 3. Suppose 4*t - 1999 = 3*o + 1070, 2309 = 3*t + 5*o. Calculate the highest common divisor of t and f.
48
Let p be 19/133 - (-40)/14. Suppose -4*t - 37 = 2*d - 223, 2*t = p*d + 81. What is the greatest common divisor of 405 and t?
45
Suppose -30*o + 1145868 = 93*o. Calculate the highest common divisor of 68 and o.
68
Suppose -6*o + 2*o + 3544 = 0. Let j = -181 + o. Suppose 11*v + 243 - j = 0. What is the highest common divisor of v and 21?
21
Let t(x) = 31*x**2 + 66*x + 679. Let u be t(-14). Calculate the greatest common factor of u and 119.
119
Suppose -2*d - d = -228. Let r be 4/1 - 7/(7/(-110)). Suppose 22*t = 23*t - r. Calculate the greatest common factor of d and t.
38
Suppose -s + 2*s - 40 = 0. Suppose -5*q + 2*x = -152, -2*q + 6*q = -x + 132. Calculate the highest common divisor of s and q.
8
Suppose -29*j + 31*j - 10 = 0. Suppose -5*m + 2 = 5*x - 108, -j*m + 5*x + 110 = 0. Calculate the highest common divisor of m and 352.
22
Let i be 112/2*(-70)/(-14). Suppose 2*f = 4*s - 168, -s = -4*s - 5*f + 100. Calculate the greatest common divisor of i and s.
40
Suppose 108*c - 281240 = 68*c. What is the greatest common factor of c and 79?
79
Let j be (10 - 78/13) + -1 + -1. Suppose -2*c - j*u + 24 = 0, 2*u = -5*c - 37 + 106. Calculate the highest common divisor of 20 and c.
5
Suppose -76 = 51*o - 280. Suppose -2*g + 4*g = o*m + 50, 7*g - 2*m = 187. What is the greatest common factor of g and 4?
1
Suppose 6*t + 5811 = 10*t - 2961. Calculate the greatest common divisor of t and 1548.
129
Suppose -w = -5*q + 20, 2*w - 6*w = -q - 15. Let g = -3 + w. Suppose -2*v + 6 = g*n, 5*n = -0*n - 5. What is the highest common divisor of 36 and v?
4
Let r be (-81)/54 + (-33)/(-2). Suppose 3*y - 3 - 6 = 0. Suppose 2*k + y*u - 588 = -3*k, 4*k + 4*u = 464. What is the highest common divisor of k and r?
15
Let t = 10269 - 10045. Calculate the highest common factor of 63 and t.
7
Let h = -94 + 9. Let s be (-6 + h/(-15))*-3*3. Suppose 0 = s*p + 2*p - 10, 28 = 3*a + 2*p. Calculate the highest common divisor of a and 64.
8
Let r be (-1033 + 3)*(-1551)/282. Calculate the greatest common divisor of r and 110.
55
Suppose -124*k + 134*k - 7917 = -2637. Calculate the greatest common divisor of k and 1536.
48
Let z(u) = u**3 - 12*u**2 - 27*u + 1. Let m(p) = p**3 - 21*p**2 + 2*p - 28. Let l be m(21). Let o be z(l). Calculate the highest common divisor of 6 and o.
3
Suppose 0 = h + 3*h - n - 190, -2*h = 2*n - 100. Suppose j = -2*j + h. Let r = 218 - 74. Calculate the greatest common factor of j and r.
16
Let o be 2 + -7 - (-6 - (-10 - -11)). What is the greatest common factor of 1218 and o?
2
Suppose 24*d = 26*d - 258. Let m = d + -102. What is the highest common divisor of m and 108?
27
Let m be -6*((-412)/(-12) - -1). Let l = 269 + m. Calculate the greatest common factor of 19 and l.
19
Suppose 5*k = a - 22 - 8, -2*a + 3*k = -46. Suppose 16*y + 12 = a*y. Suppose 0 = y*o - 30 - 9. What is the highest common divisor of o and 104?
13
Let g be -3*72*(-2)/2. Suppose 0 = -13*p - 4 + 43. Suppose -2*y = 5*a + 3*y - 135, -p*a = y - 81. What is the highest common divisor of g and a?
27
Let a(i) = 10 + 10*i - 20*i - 3 + 13 + 9*i. Let o(k) = 3*k - 4. Let w be o(4). Let c be a(w). What is the highest common factor of c and 24?
12
Suppose 36 = l + 2*l + 3*j, -45 = -2*l + 5*j. Let o be 3 + 16/(-6) + 295/l. What is the highest common divisor of 60 and o?
20
Let q = -7701 - -7971. Calculate the greatest common factor of q and 105.
15
Let b be 4/(-18) - (-152)/36. Let s be -2 - (3/(-4) + b/(-16)). Let m be s - 0 - 2*(-65)/10. Calculate the highest common divisor of 108 and m.
12
Suppose 5*q - 4*g - 1220 = -g, -2*q + 4*g + 474 = 0. Suppose 0 = -26*i + 308 + 186. Calculate the highest common divisor of i and q.
19
Let p = 2198 + -2027. What is the greatest common divisor of 38 and p?
19
Let i(u) = u**3 - 10*u**2 + 12*u - 35. Let t be i(9). Let h(r) = -r**3 - 5*r**2 + 5*r + 28. Let l be h(t). What is the highest common factor of l and 72?
36
Suppose -14*s + 18*s - 16272 = 0. Let h = -2902 + s. Calculate the greatest common factor of 22 and h.
22
Suppose -7*b + 2*o - 36 = -12*b, -4*b + 42 = -5*o. Let j(d) = -d**3 + 7*d**2 + 7*d + 13. Let s be j(b). What is the highest common factor of 40 and s?
5
Let n(c) = 5*c**2 + 12*c - 9. Let b be n(-5). Calculate the highest common factor of 28 and b.
28
Suppose -166988 = -133*c + 24*c. Calculate the highest common factor of 4 and c.
4
Let r be (19/(171/(-906)))/(12/9 - 2). Calculate the greatest common factor of 7 and r.
1
Suppose -58 - 1 = -3*n - 4*x, -4*n + 4*x = -32. Let m(w) = 36*w - 4. Suppose 8*c = -5 + 29. Let v be m(c). Calculate the highest common divisor of n and v.
13
Let w = 26 - 29. Let y be (-8 - w) + 1 - -58. What is the greatest common factor of 2 and y?
2
Suppose -7*i = -23296 - 35126. What is the greatest common divisor of 52 and i?
26
Suppose 151 = -18*k + 367. Let q = 379 - 367. What is the greatest common factor of k and q?
12
Let r be (-1 - (-5)/4)/((-2)/(-277064)). Calculate the greatest common divisor of 59 and r.
59
Suppose 0 = 5*z - 106 - 494. Suppose 3*p + m = 141, -23*p + 3*m = -28*p + 231. What is the highest common divisor of z and p?
24
Suppose 0 = -5*q - 5, -8*m - 3*q = -11*m - 417. Let r = m + 150. Suppose -y - 2*y = -15. Calculate the highest common factor of r and y.
5
Let z be 66/6*142 + 2 + -6. Suppose t - 772 = -j, -2*t - 23*j + 28*j + z = 0. Calculate the greatest common divisor of 86 and t.
86
Let i(q) = q**2 - 4*q + 17. Let j be i(0). Let w = 1945 - 1928. Calculate the highest common divisor of j and w.
17
Suppose 49*z - 19152 = 22*z - 315*z. Calculate the greatest common factor of z and 48.
8
Let o be (6*24/(-180))/(14/(-11515)). Calculate the greatest common factor of 56 and o.
14
Let x(z) = -5*z**2 - 24*z + 342. Let r be x(6). Calculate the greatest common divisor of r and 3654.
18
Let x(m) = -m**3 - 5*m**2 - 13*m - 18. Let p(n) = -16*n - 84. Let v be p(-5). Let o be x(v). Calculate the highest common divisor of 2 and o.
2
Let o be 7574 + 24/(-60)*(-60)/(-8). What is the greatest common divisor of 67 and o?
67
Suppose -g = 3*q - 3*g - 74, g = 5*q - 135. Calculate the highest common factor of 4130 and q.
14
Let z(s) = -2*s**3 - 5*s + 3. Let y be z(-3). Let m be (-1710)/(-27) + (2/(-9))/((-2)/(-3)). Calculate the greatest common divisor of m and y.
9
Let x(h) = 2*h**2 - 5*h - 28. Suppose -11*j + 7*j - 3*i = -20, 0 = -4*i - 16. Let t be x(j). What is the greatest common factor of t and 260?
20
Let c = -56 - -62. Let v(k) = 0*k - 6*k + 24 - c - 1. Let p be v(-21). Calculate the greatest common factor of p and 13.
13
Let h(d) = -25*d**3 - d**2 + 2*d - 2. Let p be h(1). Let u be (-1)/3*-128*(-39)/p. Suppose 2*i - 199 = 121. Calculate the greatest common divisor of i and u.
32
Let f be 152/(-38) - 33/(-3). What is the greatest common divisor of 63 and f?
7
Let z = 164 - 141. Suppose c + 198 = -4*m, -2*m - 747 = 4*c - m. Let k = 301 + c. Calculate the highest common factor of z and k.
23
Suppose 0 = -5*j - 17*b + 22*b + 660, -3*b + 144 = j. Suppose 27 = -5*y - 23. Let s be (-90)/20*y/3. Calculate the highest common factor of j and s.
15
Let k = 8 - 2. Let n = -468 + 467. Let r(q) = 40